0
What is 1031013 (base 5) in base 7?
102260
What is -4aa (base 12) in base 8?
-1302
Convert -15d (base 15) to base 14.
-185
Convert 351 (base 12) to base 3.
200021
Convert -10f1 (base 16) to base 14.
-181b
Convert 31304 (base 5) to base 12.
1253
What is 1647b (base 13) in base 6?
524505
Convert -3650 (base 10) to base 3.
-12000012
-211563 (base 7) to base 5
-2133043
61f (base 16) to base 2
11000011111
Convert -275 (base 10) to base 4.
-10103
-225 (base 14) to base 6
-1545
What is 9d9 (base 16) in base 4?
213121
Convert 7143 (base 10) to base 11.
5404
1110 (base 3) to base 6
103
1122202021 (base 3) to base 2
111111101101111
103202033 (base 4) to base 14
21235
What is 7a27 (base 11) in base 7?
42530
Convert 5ab8 (base 14) to base 7.
64121
What is -40050 (base 7) in base 8?
-22647
Convert 1120121 (base 3) to base 9.
1517
Convert -10204 (base 5) to base 12.
-487
What is -23313 (base 6) in base 7?
-12534
Convert -1aa6c (base 13) to base 3.
-2122202110
-111a5 (base 12) to base 11
-16097
What is -202011 (base 3) in base 4?
-20200
-2a22 (base 14) to base 8
-16466
-251116 (base 7) to base 6
-553024
Convert -23540 (base 10) to base 3.
-1012021212
What is -1000201221 (base 3) in base 15?
-5ed1
2045 (base 6) to base 13
296
-3512 (base 6) to base 15
-3ab
Convert -1134201 (base 5) to base 9.
-32038
What is -8964 (base 14) in base 8?
-56374
141300 (base 6) to base 10
13284
-9411 (base 13) to base 2
-100111111101111
-2712 (base 12) to base 4
-1011332
11626 (base 7) to base 5
44213
-14412 (base 5) to base 9
-1618
Convert 1131 (base 5) to base 13.
ca
What is 7063 (base 11) in base 9?
13778
Convert 115104 (base 7) to base 3.
1001202220
Convert 1b34 (base 14) to base 5.
124241
Convert 2421 (base 7) to base 13.
540
-3233 (base 6) to base 10
-741
956 (base 14) to base 16
730
Convert 123201 (base 5) to base 10.
4801
Convert -112640 (base 7) to base 10.
-20216
What is -5414 (base 7) in base 2?
-11110000010
What is -22202111 (base 3) in base 8?
-14361
Convert 9637 (base 10) to base 14.
3725
What is -23 (base 10) in base 8?
-27
Convert -30522 (base 8) to base 11.
-9539
Convert -110441 (base 5) to base 15.
-1231
Convert 104043 (base 6) to base 15.
287c
Convert -11128 (base 11) to base 15.
-4b9d
What is 1390 (base 14) in base 7?
13040
What is 1a4b (base 13) in base 9?
5368
-63ca (base 15) to base 9
-31861
Convert -44241 (base 5) to base 11.
-2342
Convert -123552 (base 6) to base 16.
-2bdc
-2973 (base 11) to base 14
-1579
10001 (base 2) to base 7
23
1ca (base 14) to base 5
2444
5230 (base 11) to base 8
15422
Convert -3203 (base 11) to base 8.
-10216
Convert 2320302 (base 4) to base 10.
11826
-15727 (base 8) to base 6
-52555
What is -122 (base 8) in base 10?
-82
Convert 833a (base 14) to base 8.
54100
Convert 1000012212 (base 3) to base 8.
46601
-33 (base 15) to base 14
-36
-2500 (base 12) to base 16
-1050
643 (base 8) to base 12
2ab
Convert -13571 (base 8) to base 5.
-143014
What is 2103 (base 8) in base 10?
1091
Convert 1001112 (base 3) to base 11.
640
-222111 (base 3) to base 14
-391
-3430 (base 5) to base 6
-2134
Convert -30010 (base 4) to base 3.
-1001121
Convert 10111110001 (base 2) to base 8.
2761
-2203110 (base 4) to base 9
-15303
What is -165 (base 8) in base 10?
-117
What is -a09 (base 15) in base 9?
-3080
Convert -50534 (base 7) to base 3.
-121211122
Convert 101010000000 (base 2) to base 5.
41223
What is -2170 (base 8) in base 9?
-1511
Convert 122120021 (base 3) to base 6.
135141
-23112 (base 7) to base 8
-13401
Convert 47b7 (base 16) to base 10.
18359
What is -25824 (base 10) in base 6?
-315320
546 (base 12) to base 2
1100000110
What is -b524 (base 16) in base 13?
-18151
-29c (base 13) to base 7
-1235
What is 100000001010100 (base 2) in base 3?
211120221
Convert 1212210011 (base 3) to base 12.
19511
What is 576 (base 9) in base 5?
3344
Convert 36a5 (base 11) to base 15.
1674
-25b46 (base 12) to base 16
-ca26
What is 10334 (base 11) in base 3?
202122002
Convert -4051 (base 6) to base 16.
-37f
236a7 (base 12) to base 16
ba1f
What is 100101000001 (base 2) in base 4?
211001
-66877 (base 10) to base 12
-32851
Convert 38c (base 15) to base 7.
2232
What is 2c1 (base 13) in base 4?
13233
110111010011 (base 2) to base 5
103124
Convert -3013 (base 4) to base 14.
-103
What is -219 (base 15) in base 3?
-122120
What is 1552 (base 14) in base 13?
1960
-10001000100 (base 2) to base 3
-1111110
Convert 30303020 (base 4) to base 6.
1042412
-101100111 (base 2) to base 11
-2a7
What is -53a (base 12) in base 3?
-1001101
Convert 4424 (base 5) to base 8.
1146
What is 101 (base 7) in base 2?
110010
Convert 32445 (base 6) to base 12.
2725
Convert 1001001110011100 (base 2) to base 12.
19a50
What is 1404 (base 10) in base 9?
1830
What is -318 (base 14) in base 15?
-2aa
What is -1a3 (base 12) in base 11?
-223
-1104 (base 5) to base 15
-a4
What is -5303 (base 7) in base 13?
-b06
What is -222 (base 7) in base 10?
-114
What is 1076 (base 9) in base 2?
1100011110
Convert 414043 (base 6) to base 16.
820b
What is c07f (base 16) in base 12?
24627
What is 25c (base 13) in base 2?
110011111
What is -1021010200 (base 3) in base 7?
-132360
Convert -3fa (base 16) to base 11.
-846
715 (base 9) to base 11
489
Convert 1a0c3 (base 13) to base 8.
143002
-2102122200 (base 3) to base 13
-18a29
What is 5065 (base 7) in base 16?
6e2
-2342244 (base 5) to base 16
-a9b9
-5517 (base 9) to base 15
-1311
Convert 2300022 (base 4) to base 10.
11274
Convert -313 (base 15) to base 5.
-10233
-b8 (base 15) to base 8
-255
Convert 2079 (base 10) to base 5.
31304
62361 (base 8) to base 7
135224
Convert 96 (base 10) to base 16.
60
What is 11044 (base 10) in base 15?
3414
478 (base 11) to base 16
239
Convert -3044 (base 8) to base 4.
-120210
Convert -3012 (base 6) to base 8.
-1220
Convert -115654 (base 7) to base 15.
-6471
What is 1211020100 (base 3) in base 15?
a97c
Convert 201120 (base 3) to base 15.
253
464 (base 15) to base 6
4334
Convert 1410 (base 5) to base 11.
19a
267c (base 15) to base 11
61a0
10332 (base 7) to base 9
3466
-8138 (base 12) to base 5
-422022
What is 5254 (base 6) in base 14?
60a
-6db (base 14) to base 3
-1212201
Convert 5d8b (base 14) to base 9.
24432
Convert 2102221111 (base 3) to base 5.
3014243
Convert -1886 (base 15) to base 5.
-132201
-71655 (base 8) to base 3
-1111121210
What is 2306 (base 7) in base 8?
1507
What is -39614 (base 10) in base 2?
-1001101010111110
Convert 430 (base 9) to base 2.
101011111
Convert -15b8 (base 15) to base 4.
-1021001
Convert 111001111011 (base 2) to base 5.
104312
111101011110 (base 2) to base 13
1a38
Convert -22 (base 6) to base 2.
-1110
Convert -16666 (base 7) to base 11.
-3675
What is -13312132 (base 4) in base 9?
-48101
Convert -4443 (base 8) to base 6.
-14455
Convert 74442 (base 8) to base 6.
355322
Convert 10101011111100 (base 2) to base 5.
323004
What is -2025 (base 7) in base 12?
-4a9
What is -458 (base 9) in base 4?
-11321
Convert -125 (base 11) to base 15.
-9d
Convert -3567 (base 9) to base 11.
-1aa2
What is 1201020222 (base 3) in base 13?
12470
What is -14704 (base 9) in base 13?
-475c
Convert 177027 (base 8) to base 4.
33320113
-32423 (base 6) to base 10
-4479
What is 100001010110 (base 2) in base 12?
129a
Convert 20621 (base 7) to base 12.
2b5b
100100110 (base 2) to base 5
2134
What is 24244 (base 5) in base 16?
720
Convert -3002002 (base 4) to base 11.
-936a
What is -22012 (base 3) in base 10?
-221
Convert -63605 (base 7) to base 11.
-10904
Convert 958 (base 13) to base 11.
121a
Convert -18515 (base 13) to base 7.
-254012
What is -450 (base 10) in base 16?
-1c2
What is -114202 (base 5) in base 13?
-1c5c
-1150 (base 9) to base 12
-5b3
What is 625 (base 8) in base 4?
12111
Convert 2313031 (base 5) to base 16.
a2a9
What is 1433255 (base 6) in base 13?
2b679
1100101001 (base 2) to base 16
329
6eb (base 15) to base 12
aab
-1971 (base 10) to base 11
-1532
Convert 103010 (base 4) to base 3.
1200012
What is -120120011 (base 3) in base 13?
-5218
-304 (base 15) to base 3
-221011
What is 22122 (base 4) in base 8?
1232
Convert 1c987 (base 14) to base 16.
11e0b
Convert 203212 (base 4) to base 9.
3111
What is 144d (base 16) in base 6?
40021
What is -656 (base 11) in base 6?
-3351
161420 (base 7) to base 16
7c16
What is 17a2 (base 11) in base 13?
1072
40336 (base